60 = -2*j, 0 = -4*x - 4*j + 92 - 28. Let k(d) = -d**3 + 16*d**2 - 17*d - 26. What are the prime factors of k(x)?
2
Let y(n) = 2*n**3 - 2*n**2 + 3*n + 4. Suppose 13 = 3*p + 28. Let g(a) = a**3 + 5*a**2 + 3. Let d be g(p). List the prime factors of y(d).
7
Let c(u) be the first derivative of -u**5/24 - u**4/24 + u**3/3 - 1. Let k(o) be the third derivative of c(o). What are the prime factors of k(-8)?
3, 13
Let u(q) = -51*q**2 + 2*q + 1. Let z be u(-1). What are the prime factors of (-1864)/z + 2/13?
2, 3
Let l(y) = -252*y - 1. List the prime factors of l(-2).
503
Let a(l) = -2*l**3 - 5*l**2 - 6. Let c(s) = s**2 - 15*s + 10. Let z be c(14). What are the prime factors of a(z)?
2, 3, 7
Let c(m) = 26*m**2 + 35*m - 668. List the prime factors of c(13).
37, 113
Let v be ((-4)/(-7))/(4/14). Suppose -4*u = b - 38, -v*b + 0 = -3*u - 54. Suppose -5*y + 8*y = b. List the prime factors of y.
2, 5
Suppose 2*s + 460 = 7*s + 5*f, 5*f - 196 = -2*s. List the prime factors of s.
2, 11
Let f(z) = z**2 + 9*z. List the prime factors of f(-18).
2, 3
Suppose 3*h + 2*k - 13 = 0, -5*h = -h - 4*k - 24. Suppose -7*d + 3*d + h*b = -41, d = 3*b + 12. What are the prime factors of d?
3
Let q(l) = l**3 - l**2 - 3*l + 2. Let t be q(-5). Let k = -77 - t. List the prime factors of k.
2, 7
Let m(v) = 22*v**3 + v**2 - 7*v + 2. What are the prime factors of m(6)?
2, 1187
Suppose -4*i + 8 = -3*i. Suppose -i*x = -5*x - 9. Suppose -2*c + 98 = 4*p, 21 = 3*p - x*c - 66. What are the prime factors of p?
2, 13
Suppose 4*w - 11352 = -7*w. List the prime factors of w.
2, 3, 43
Let w(o) = o**3 - 3*o**2 - 2*o - 5. Let c be w(4). Suppose 3*a = l - 2*a + 23, 0 = c*a - 12. List the prime factors of 10*(-6)/4*l.
3, 5
Suppose 2*q = 5*h + 3 - 4, 0 = 3*h - 3. Let c = -116 + 121. Suppose -q*g = -v + 26, 0*g - g = c. List the prime factors of v.
2
List the prime factors of 1 + 20/(-12) + (-182)/(-21).
2
Suppose 0*z - 3 = -z. Suppose -z*j - 11 = -2. List the prime factors of (j + -34 + -2)/(-1).
3, 13
Let t(h) = 5*h**3 + 7*h**2 + 3*h - 10. List the prime factors of t(5).
5, 7, 23
Suppose 50*b + 5268 = 56*b. List the prime factors of b.
2, 439
Suppose -j + 5 = 41. Let t = 55 - j. List the prime factors of t.
7, 13
Suppose 36 - 176 = -5*u. Suppose 195 = u*n - 23*n. Suppose 65 = 4*y - n. List the prime factors of y.
2, 13
Let a = 7 - 0. Suppose -2*t + 1 = -a. Suppose 1 = -t*i + 125. List the prime factors of i.
31
Let o(q) = 5*q**2 - 4*q + 10. Let b(f) = 3*f**2 - 3*f + 7. Let x(g) = -8*b(g) + 5*o(g). Let i be x(-5). What are the prime factors of 3*((-31)/(-3) - i)?
2, 17
Let o(x) = 4*x**2 - 13*x - 116. List the prime factors of o(-10).
2, 3, 23
Suppose -28*v - 3535 = -35*v. What are the prime factors of v?
5, 101
Let y be (12/14)/(1/(-21)). Let g = 15 + y. List the prime factors of ((-66)/(-4))/g*-2.
11
Let x(c) be the second derivative of -4*c - 9/2*c**2 + 0 - 7/6*c**3. List the prime factors of x(-6).
3, 11
Let v = 122 + -119. Suppose 0 = 2*k + h + v*h - 154, 2*h - 162 = -2*k. List the prime factors of k.
5, 17
Suppose 3*g = 3*r - 2325, -2*r - 5*g + 1530 = -2*g. What are the prime factors of r?
3, 257
Let i(c) = -c**3 + 5*c**2 - 4*c + 6. Let l be i(4). Let a(v) = -2*v + 13. Let h(t) = -2*t + 14. Let k(z) = -4*a(z) + 3*h(z). List the prime factors of k(l).
2
Suppose 4*v + 964 = 4*s, 221 + 741 = 4*s - 2*v. List the prime factors of -3*(-8)/6 + s.
2, 61
Let p be (5 + 35/(-10))/((-6)/(-2384)). Suppose 2*o + g - 359 = -o, -5*o + p = 4*g. List the prime factors of o.
2, 3, 5
Suppose l - 2*l + 5541 = 4*p, 27722 = 5*l + 3*p. What are the prime factors of l?
5, 1109
Let z(m) = m**2 + 2*m + 4. Let u be z(-4). Let p be (u/(-5))/((-3)/(-15)). Let c = p + 36. What are the prime factors of c?
2, 3
Suppose -4*q + 42 - 2 = 0. List the prime factors of 33/(-55) - (-146)/q.
2, 7
Let c = -3 + 1. Let p = c + 26. What are the prime factors of p?
2, 3
What are the prime factors of ((-18)/(-15))/(138/512900)?
2, 5, 223
Suppose -3*m - 3*o = o - 512, -4*m = -4*o - 692. What are the prime factors of m?
2, 43
List the prime factors of 40308/126 - (-2)/21.
2, 5
Suppose 5*p + 4 + 36 = 0. Let a be 6/(-3 - 1 - -6). What are the prime factors of (-98)/p + a/(-12)?
2, 3
Suppose 2*o - 3*o - 181 = -3*c, 4*o - 191 = -3*c. Let t = c + 40. What are the prime factors of t?
101
Let k = -307 - -675. What are the prime factors of k?
2, 23
Let c(z) = -19*z + z**2 + 12*z + 10*z. What are the prime factors of c(-6)?
2, 3
Let l be ((-1)/(-2))/((-110)/1100). Let w(q) = q**3 - 2*q**2 - 5*q + 3. Let u be w(3). What are the prime factors of (u/6)/(l/660)?
2, 3, 11
Suppose -6*i + 17 = -31. What are the prime factors of i?
2
Let w(h) = -h**2 - 36*h + 1. Let a be w(-7). Let b = a + -113. What are the prime factors of b?
7, 13
Suppose 0 = 5*m + 2*l + 43, -m + 0 = 4*l + 5. Let f be m*3 - (2 + -3). Let p = 67 + f. List the prime factors of p.
41
Let b(d) = -13*d - 1 + 7*d**3 - 5*d**2 - 20*d**3 + 6*d**2 - 7*d**2. What are the prime factors of b(-2)?
3, 5, 7
Let m(j) = -27*j + 3. Let i = -24 + 22. What are the prime factors of m(i)?
3, 19
Suppose -14*g + 18*g - 5108 = -4*k, 2*g = 4*k - 5102. What are the prime factors of k?
2, 11, 29
Let d be 3/2 + (-33)/2. Let o = 17 + d. What are the prime factors of 47 + (o + -1 - -1)?
7
Let a(d) = -4*d - d**3 + 15 + 2*d**2 - 5*d - 7. Let v(y) = -y**3 + 3*y**2 - 10*y + 9. Let h(j) = 6*a(j) - 5*v(j). What are the prime factors of h(-4)?
5, 7
Suppose 3*s = 2*u - 3*u - 4, 4 = -u + 4*s. Suppose -31*q + 27*q - 68 = 0. Let k = u - q. What are the prime factors of k?
13
Let h(q) be the third derivative of q**6/120 - 11*q**5/30 + 23*q**4/24 + 11*q**3/6 - 23*q**2. List the prime factors of h(21).
53
Let p be (150/(-12))/(2/(-4)). Let t = p - 43. Let h = -5 - t. List the prime factors of h.
13
Let f(z) = -9*z + 8*z - 3*z + 51 + 0*z - z**2. What are the prime factors of f(0)?
3, 17
Suppose -5*b = -4*h - 37 + 9, 6 = -3*h. Suppose b*y - 2*y = -8. Let p = y + 26. What are the prime factors of p?
2, 11
Let g = -15 - -17. Suppose -2*l - 2*x = -10, -2*x + 20 = 5*l + g*x. Suppose l = -3*t + 80 + 76. What are the prime factors of t?
2, 13
Let q be 7*(64/28 - 2). Let m(k) = 34*k + 8. List the prime factors of m(q).
2, 19
Let h be (25/(-10))/(2/(-4)). Let s be 16/h + (-1)/5. What are the prime factors of s/((-9)/(-42) - 0)?
2, 7
Let h = -245 + 397. Let i = h + -103. List the prime factors of i.
7
Suppose -3*t - 2*b - 1199 - 8985 = 0, -5*t - 16986 = -3*b. What are the prime factors of -4 + t/(-15) + (-6)/(-10)?
223
Suppose -1454 - 349 = -3*s + 3*g, -2987 = -5*s - g. List the prime factors of s.
2, 13, 23
Let g(o) = o**3 - o**2. Let b be g(1). Suppose b = 5*l + 3*f - 1357, 2*f - 726 - 360 = -4*l. List the prime factors of l.
2, 17
Let r(k) = k**2 + 17*k - 13. Let y be r(-18). Suppose 5*x + y*z - 540 = -0*z, 0 = 2*z - 8. What are the prime factors of x?
2, 13
Suppose 6*o + 0*o - 23718 = 0. What are the prime factors of o?
59, 67
Let p = -368 - -2244. List the prime factors of p.
2, 7, 67
Let g = -1596 + 3632. List the prime factors of g.
2, 509
Let s = -50 + 60. Suppose -s*z = -6*z - 952. What are the prime factors of z?
2, 7, 17
Suppose 0 = m - 3*o - 245 + 78, -o = -5*m + 807. List the prime factors of m.
7, 23
Let g = -18 + 25. Let z(t) = 2*t**2 - 9*t - 7. What are the prime factors of z(g)?
2, 7
Let m be 3*(1 + ((-304)/12 - 0)). Let j = 80 + m. List the prime factors of j.
7
What are the prime factors of -2 + 8 - (-7632)/2?
2, 3, 7, 13
What are the prime factors of ((-12)/(-27))/((-2)/(-2718))?
2, 151
Suppose 3*n - 2*n = 3. Suppose n*j = 4 + 11. Suppose 4*b - 13 = -3*h, 4*h - j = 2*b + 5. What are the prime factors of h?
3
Suppose t + 2*n = -18, t + n + 23 = -2*n. List the prime factors of (-5 + 68)/(1 - (-5)/t).
2, 3, 7
Let d be ((-7)/(-5) - 1)*5. Suppose d*w + f - 155 - 138 = 0, -4 = 4*f. What are the prime factors of w?
3, 7
Let m = 7 - 6. Let i be (8/20)/(m/(-60)). List the prime factors of (-272)/i - (-2)/(-6).
11
Suppose -4*b + 12418 = -2*p, -6*p + 3878 = 3*b - 5473. What are the prime factors of b?
13, 239
Suppose 15*f = f + 6664. What are the prime factors of f?
2, 7, 17
Let y(k) = -27*k. Suppose -5*m - 3*s - 27 = 0, 5*s = -2*m - 35 + 9. List the prime factors of y(m).
3
Suppose -13*m + 231 + 7101 = 0. List the prime factors of m.